ive o(a).
8
Let y(r) = r**2 - 7*r + 2. Let k be y(6). Let b(t) = -t**2 - 7*t - 15. What is b(k)?
-3
Let w(p) = 4*p**2 + p + 1. Let u be 1 - (0 - 0 - (-14)/(-14)). Suppose -2*x - u = -18. Suppose 5*j - 5*r = -10, x*j + 1 = 3*j - 4*r. Calculate w(j).
4
Let g(f) = -9*f**3 - 39*f**2 + 18*f - 11. Let w(m) = 7*m**3 + 30*m**2 - 17*m + 11. Let o(a) = 3*g(a) + 4*w(a). Determine o(-7).
-87
Let u = 1872 + -1873. Let v(d) = -57*d**2 - 2*d - 1. Determine v(u).
-56
Let t(v) = 473*v + 16085. Let g be t(-34). Let j(x) be the first derivative of 4 - g*x - 1/2*x**2. Determine j(-5).
2
Let j(i) be the second derivative of -i**3/6 - 33*i**2/2 + 1527*i. Determine j(-10).
-23
Let x be 4/(-22) + (-14340)/(-220). Let l be (-12)/(x/10 - 8). Let p(w) = w**2 - 9*w + 5. What is p(l)?
-3
Let v(g) = g**2 + g - 67. Let t(k) = k - 40. Let l(q) = -5*t(q) + 3*v(q). Calculate l(-1).
4
Let q(a) = -a**3 + 17*a**2 - 17*a - 1. Suppose -40*x = -67*x - 21*x + 768. Calculate q(x).
-17
Let j(x) = x**3 + x**2 + x - 1. Let p(a) = -3*a**3 - a**2 - 7*a + 13. Let w(z) = -4*j(z) - p(z). Suppose -4*v + 44 = -4*y, 84 = 3*v + 63. Give w(y).
-5
Let t(q) = q**2 - 7*q - 3. Let j(n) = -10*n + 1. Suppose -1 = 4*y + 3. Let p be j(y). Suppose 7*m = p*m - 28. Calculate t(m).
-3
Let h(l) = 12*l**3 + 29*l**3 - 26 + 21*l**2 - 42*l**3 + 32*l - 7*l**2. Determine h(16).
-26
Suppose 107*m - 112*m - 110 = 0. Let o be 588/33 - 4/m. Suppose -c = -4*c - o. Let l(j) = -j**2 - 5*j - 6. Calculate l(c).
-12
Let i(t) be the second derivative of t**7/630 + t**6/180 + t**5/60 + 145*t**4/12 + 2*t - 9. Let s(w) be the third derivative of i(w). Calculate s(-2).
10
Let v be (1 - 3)*2 - 0. Let k be (32/16)/(v/(-10)). Let b(c) = 2*c + 0 + 6*c - 4 - k*c. Determine b(3).
5
Let x(k) = -k**2 + 11*k - 13. Suppose -5*r - 25 = 3*c, 0*c = -3*c - 3*r - 15. Suppose a - 9 = -c. Calculate x(a).
5
Let n(c) = 41*c + 21. Let f(h) = -19*h - 11. Suppose -9*v = 44 - 161. Let i(l) = v*f(l) + 6*n(l). Calculate i(0).
-17
Suppose t = -5*d + 9, t + d - 2*d - 3 = 0. Let y(o) = -t + 2*o - 3*o + 2*o + o. Calculate y(5).
6
Suppose 5*m + 26 = b, -m + 4*m + 4*b = -34. Let z = 240 - 193. Let c(a) = 21 - z*a + 46*a - 21. Determine c(m).
6
Let b be 0/(14/21*18/(-4)). Let x(o) be the second derivative of b + 8*o + 1/3*o**3 - 7/2*o**2. What is x(7)?
7
Let y(o) = -o**3 - 7*o**2 - 7*o - 6. Let r = 67 + -67. Suppose 5*x + 3*p + 24 = r, 6*x + 18 = 2*x - 3*p. Calculate y(x).
0
Let f(n) = -11*n - 830*n**2 - 838*n**2 + 1664*n**2 + 11. Calculate f(1).
-4
Let b be (-2)/((-336)/88 - -4). Let o(m) = 2*m**2 + 26*m + 50. Determine o(b).
6
Let g(r) = 5*r**2 - 28*r + 21. Let d be g(11). Let y(v) = -d*v**2 + 155*v**2 + 169*v**2 + 2*v. What is y(-1)?
4
Let z(y) be the second derivative of y**5/60 + 5*y**4/8 - 3*y**3/2 + 129*y**2/2 - y - 13. Let o(u) be the first derivative of z(u). Give o(-15).
-9
Let j(t) = t - 6. Suppose x - 24 = 5*h - 31, -5*h + 5*x - 5 = 0. Suppose -7*i = -h*i - 60. What is j(i)?
6
Suppose 1 = 4*z - 3. Let u(i) = 83*i - 84*i + z + 1. Let x be (-2)/3 + 14/21. Calculate u(x).
2
Suppose -30*u + 12*u = 21*u. Let a(l) = 2*l**2 + 2*l - 34. Determine a(u).
-34
Let j(k) = -k**2 + 8*k + 1. Let s be 17/5 + 6/(-15). Let h(q) = -q**2 + 3*q. Let t be h(0). Suppose s*g + l - 19 = t, 2*g + 4*l + 0 + 4 = 0. Give j(g).
1
Let t(b) = 42*b - 18 - 52*b + 14*b. Calculate t(6).
6
Let y be (-6)/(-5)*120/36. Let d(b) = 14*b**3 + 18*b**2 + 23*b - 1. Let j(z) = -5*z**3 - 7*z**2 - 8*z. Let t(g) = y*d(g) + 11*j(g). What is t(4)?
-4
Let a(o) be the first derivative of o**4/4 + 10*o**3/3 + 6*o**2 + 2*o + 904. Give a(-9).
-25
Suppose -3*j + 5*n - 2*n = 0, n + 1 = -1. Let h(u) = -9*u**3 - 2*u**2 + 2*u + 2. What is h(j)?
62
Suppose 4*w + 43 + 59 = 3*p, 0 = p - 3*w - 44. Let j(u) = -u + 11. Determine j(p).
-15
Let k(a) be the third derivative of -a**4/24 - 15*a**3/2 - 3*a**2 - 40*a - 8. Calculate k(9).
-54
Let t(j) be the second derivative of 7*j**3/2 + j**2 - 2*j + 40. Give t(1).
23
Let w(o) be the second derivative of -7*o**3 + 11*o**2/2 + 5331*o. Determine w(0).
11
Let v(w) = -23*w**2 + 16*w + 6. Let q(g) = 15*g - 131. Let h be q(8). Let t(l) = 42*l**2 - 32*l - 13. Let n(k) = h*v(k) - 6*t(k). Give n(-15).
-3
Let a(p) = -4 + 41*p - 291*p**2 + 865*p**2 - 292*p**2 - 283*p**2 - 31*p. Determine a(6).
20
Let u be (-30)/(-5) + 2 + -6 + 6 + -5. Let r(c) = 2*c**2 - 2*c. Calculate r(u).
12
Let k = -414 + 417. Let s(t) = 4*t**3 + 1 + 10*t + 8*t**2 + 3*t**3 + 4 - 9*t**3 + k*t**3. Determine s(-7).
-16
Let k = -26 - -25. Let r be (13/52)/(k/4). Let c(j) = 3*j - 1. Determine c(r).
-4
Let y(r) = -2*r + r - r + 7 + r. Let m(t) = 2*t**2 - 37*t + 39. Let g be m(17). Let u be ((108/(-16))/3)/(3/g). Calculate y(u).
-2
Let x(k) = k. Let q = -26011 + 26029. Calculate x(q).
18
Let x(z) = -z**2 + 8*z - 4. Let v(b) be the first derivative of 19 - 33/2*b**2 + 5/3*b**3 + 17*b. Let a(q) = 2*v(q) + 9*x(q). Give a(-3).
-11
Let y be 0/(3/(-4) - (-90)/24). Suppose -5*h + 20 = m, y = -m + 4*m. Let n(x) = -3*x - 4. What is n(h)?
-16
Let h(l) = 17*l**2 - 84*l + 3. Let x(a) = -8*a**2 + 39*a - 2. Let j(p) = -6*h(p) - 13*x(p). What is j(6)?
62
Let t(b) = -b**3 + b**2 - b + 20. Suppose -2*s + 114 = 2*j, 0 = 4*j - 0*j - 3*s - 207. Let v be 0*3/j*9. Determine t(v).
20
Let v(k) = k**2 - 13*k - 88. Let s be v(18). Let a be ((-3 + 3)/(-8))/s. Let d(q) = -q**2 + q + 10. Calculate d(a).
10
Let q(t) = t + 3. Let u(b) = b**2 + 11*b - 177. Suppose 7 = 3*k - 4*i, -2*k + 35 + 3 = 4*i. Let s be u(k). Give q(s).
6
Let a(x) = 323*x - 122. Let t(w) = 1123*w - 366. Let h(r) = 7*a(r) - 2*t(r). Determine h(7).
-17
Let x(h) = -h**2 + 4*h - 3. Let n be -8 + (19 - (8 - -3)). Suppose f + 3*b - 22 = 0, -4*f + 52 = 6*b - 3*b. Suppose n + f = 2*l. Determine x(l).
-8
Let g(f) be the third derivative of f**4/24 + f**3/3 + 16*f**2. Suppose -3*s + 135 = 9. Let v = -42 + s. Calculate g(v).
2
Suppose 21 = -2*r - r. Suppose -12 = -4*l, -3*x = -2*x - 3*l + 9. Let a(g) = 5 + 3*g + x*g - 4*g + 2*g. Calculate a(r).
-2
Let n(k) be the second derivative of 1/2*k**2 - 1/12*k**4 + 86*k + 0*k**3 + 0 - 33/20*k**5. Give n(1).
-33
Let f(d) be the second derivative of -d**6/360 - d**5/10 - d**4/6 - 15*d**3/2 + d**2 - 225*d. Let z(j) be the second derivative of f(j). Calculate z(-11).
7
Let x(q) = -2*q**2 + 3*q + 3. Suppose -4*f = 3*t - 17, 5*f = 5*t - 4*t - 31. Let y(h) = h**2 + 22 - 4 - 15*h + t. Let r be y(13). Determine x(r).
-6
Suppose 3*s = -i, -2 + 3 = -i - 2*s. Let x(j) = 17*j**2 + 16*j - 8. Let d(q) = 24*q**2 + 23*q - 11. Let z(f) = 5*d(f) - 7*x(f). Determine z(i).
1
Let u(o) = o**3 + o + 5. Let z(w) = -w - 11. Suppose -7*d = -8 - 13. Suppose -24 = 3*k + 2*n - 1, -3*n - 18 = d*k. Let y be z(k). Calculate u(y).
5
Let u(p) = -4 + 2 + 3*p + p**3 + 5*p**2 + 4. Let l = -575 + 581. Let s be l/((-48)/31) - 2/16. Determine u(s).
6
Let k(q) be the first derivative of q**4/4 - 2*q**3/3 - 2*q**2 - 10*q + 9372. Give k(4).
6
Let a(c) = 16*c - 12. Let h(j) = -39*j + 21. Let z(p) = 14*a(p) + 6*h(p). What is z(-4)?
-2
Let x(h) = -h + 3. Let u(j) = -3*j**3 - 2*j**2 + 1. Let l be u(-1). Suppose 3*o = 2*b - l*o - 28, 2*o = b - 14. Suppose -10*z + b = -3*z. Give x(z).
1
Let b(g) be the first derivative of -g**3/3 - 3*g**2 + 25*g - 476. Calculate b(-12).
-47
Let d(p) = 5*p**2 + p. Let c = -425 + 435. Let b(i) = -i**3 + 14*i**2 - 40*i + 1. Let x be b(c). What is d(x)?
6
Let i(y) = -1586*y**2 - 21*y + 54 + 525*y**2 + 532*y**2 + 530*y**2. Give i(3).
0
Suppose -5*h = -1242*v + 1244*v + 17, -5*h + 38 = -3*v. Let a(b) be the first derivative of -4*b**3/3 + b**2 - b - 1. Give a(h).
-3
Let g(b) = b**3 + 7*b**2 + 6*b - 3. Suppose 12*s = 1840 - 124. Suppose -142*o + s*o + 6 = 0. What is g(o)?
-3
Let n(q) be the third derivative of -1/60*q**5 + 3/8*q**4 + 0*q + 1/2*q**3 - 12*q**2 + 0. Give n(9).
3
Let v(a) be the third derivative of -a**6/120 + 17*a**5/60 + a**4/24 - 4*a**3/3 + 469*a**2 + 3*a. Give v(17).
9
Let n(i) be the second derivative of i**3/6 - 6*i**2 + 2925*i. Give n(14).
2
Let z(u) = -330*u**2 - 341*u**2 - 5 + 670*u**2. Let r(w) = w**3 - 19*w**2 + w - 19. Let d be r(19). Calculate z(d).
-5
Let h(d) be the first derivative of -d**3/3 + 5*d**2/2 - 2*d - 3847. Let j(f) = f - 1. Let m = -2 - -6. Let n be j(m). Determine h(n).
4
Let u be (-3)/9 - 7/(-3). Suppose 0 = 4*i + u*i - i. Let